{"id":2116,"date":"2017-05-03T10:09:13","date_gmt":"2017-05-03T10:09:13","guid":{"rendered":"http:\/\/vidripack.com\/es\/?post_type=product&#038;p=2116"},"modified":"2020-06-01T12:11:53","modified_gmt":"2020-06-01T10:11:53","slug":"tarrina-caracoles-1","status":"publish","type":"product","link":"https:\/\/vidripack.com\/es\/envases-plastico\/tarrina-caracoles-1\/","title":{"rendered":"Tarrina para caracoles 1L"},"content":{"rendered":"<p>Capacidad: 1.000\u00a0ml<\/p>\n<p>Formato:\u00a0Redonda<\/p>\n<p>Color: Transparente<\/p>\n<p>Tapa:\u00a0de\u00a0comida r\u00e1pida<\/p>\n<p>Asa: No<\/p>\n<p>Material:\u00a0Polipropileno copolimero de uso alimentario<\/p>\n<p>Datos de uso: Temperatura m\u00ednima: &#8211; 40o C \/ Temperatura m\u00e1xima: 110o C<\/p>\n<p>Sectores de uso: C\u00e1rnicos, l\u00e1cteos, cremas, pat\u00e9s, encurtidos, frutos secos, legumbres&#8230;<\/p>\n<p>Aplicaciones: Envases para productos frescos, cocidos, congelados y aptos para microondas<\/p>\n","protected":false},"excerpt":{"rendered":"<p><strong>INTRODUCCI\u00d3N<\/strong><\/p>\n<p>Tarrinas y cubos fabricados para el envasado de distintos productos de alimentaci\u00f3n, en una gran diversidad de formatos que permiten ajustar su capacidad y caracter\u00edsticas al contenido al que est\u00e1n destinados.<\/p>\n<p>Esta tarrina es usada frecuentemente como <strong>tarrina para caracoles<\/strong>. Una forma perfecta de entregar tus pedidos de caracoles o de envasarlos para su conservaci\u00f3n.<\/p>\n<p>&nbsp;<\/p>\n<p>Capacidad: 1.000\u00a0ml<br \/>\nFormato:\u00a0Redonda<br \/>\nTapa:\u00a0de comida r\u00e1pida<\/p>\n","protected":false},"featured_media":2117,"template":"","meta":[],"product_brand":[],"product_cat":[146,177],"product_tag":[],"class_list":{"0":"post-2116","1":"product","2":"type-product","3":"status-publish","4":"has-post-thumbnail","6":"product_cat-cubos-y-tarrinas","7":"product_cat-envases-plastico","9":"first","10":"instock","11":"taxable","12":"shipping-taxable","13":"product-type-simple"},"yoast_head":"<!-- This site is optimized with the Yoast SEO plugin v27.2 - https:\/\/yoast.com\/product\/yoast-seo-wordpress\/ -->\n<title>Tarrina para caracoles \u21e8 C\u00f3mpralas en \u3010VIDRIPACK\u3011<\/title>\n<meta name=\"description\" content=\"\u00bfEst\u00e1s buscando tarrinas para caracoles? En Vidripack te ofrecemos estas tarrinas de caracoles perfectas con cierre herm\u00e9tico y aptas para microondas.\" \/>\n<meta name=\"robots\" content=\"index, follow, max-snippet:-1, max-image-preview:large, max-video-preview:-1\" \/>\n<link rel=\"canonical\" href=\"https:\/\/vidripack.com\/es\/envases-plastico\/tarrina-caracoles-1\/\" \/>\n<meta property=\"og:locale\" content=\"es_ES\" \/>\n<meta property=\"og:type\" content=\"article\" \/>\n<meta property=\"og:title\" content=\"Tarrina para caracoles \u21e8 C\u00f3mpralas en \u3010VIDRIPACK\u3011\" \/>\n<meta property=\"og:description\" content=\"\u00bfEst\u00e1s buscando tarrinas para caracoles? En Vidripack te ofrecemos estas tarrinas de caracoles perfectas con cierre herm\u00e9tico y aptas para microondas.\" \/>\n<meta property=\"og:url\" content=\"https:\/\/vidripack.com\/es\/envases-plastico\/tarrina-caracoles-1\/\" \/>\n<meta property=\"og:site_name\" content=\"Vidripack\" \/>\n<meta property=\"article:publisher\" content=\"https:\/\/www.facebook.com\/Vidripack\" \/>\n<meta property=\"article:modified_time\" content=\"2020-06-01T10:11:53+00:00\" \/>\n<meta property=\"og:image\" content=\"https:\/\/vidripack.com\/es\/wp-content\/uploads\/2017\/05\/Tarrina-caracoles-1L.jpg\" \/>\n\t<meta property=\"og:image:width\" content=\"500\" \/>\n\t<meta property=\"og:image:height\" content=\"500\" \/>\n\t<meta property=\"og:image:type\" content=\"image\/jpeg\" \/>\n<meta name=\"twitter:card\" content=\"summary_large_image\" \/>\n<script type=\"application\/ld+json\" class=\"yoast-schema-graph\">{\"@context\":\"https:\/\/schema.org\",\"@graph\":[{\"@type\":\"WebPage\",\"@id\":\"https:\/\/vidripack.com\/es\/envases-plastico\/tarrina-caracoles-1\/\",\"url\":\"https:\/\/vidripack.com\/es\/envases-plastico\/tarrina-caracoles-1\/\",\"name\":\"Tarrina para caracoles \u21e8 C\u00f3mpralas en \u3010VIDRIPACK\u3011\",\"isPartOf\":{\"@id\":\"https:\/\/vidripack.com\/es\/#website\"},\"primaryImageOfPage\":{\"@id\":\"https:\/\/vidripack.com\/es\/envases-plastico\/tarrina-caracoles-1\/#primaryimage\"},\"image\":{\"@id\":\"https:\/\/vidripack.com\/es\/envases-plastico\/tarrina-caracoles-1\/#primaryimage\"},\"thumbnailUrl\":\"https:\/\/vidripack.com\/es\/wp-content\/uploads\/2017\/05\/Tarrina-caracoles-1L.jpg\",\"datePublished\":\"2017-05-03T10:09:13+00:00\",\"dateModified\":\"2020-06-01T10:11:53+00:00\",\"description\":\"\u00bfEst\u00e1s buscando tarrinas para caracoles? En Vidripack te ofrecemos estas tarrinas de caracoles perfectas con cierre herm\u00e9tico y aptas para microondas.\",\"breadcrumb\":{\"@id\":\"https:\/\/vidripack.com\/es\/envases-plastico\/tarrina-caracoles-1\/#breadcrumb\"},\"inLanguage\":\"es\",\"potentialAction\":[{\"@type\":\"ReadAction\",\"target\":[\"https:\/\/vidripack.com\/es\/envases-plastico\/tarrina-caracoles-1\/\"]}]},{\"@type\":\"ImageObject\",\"inLanguage\":\"es\",\"@id\":\"https:\/\/vidripack.com\/es\/envases-plastico\/tarrina-caracoles-1\/#primaryimage\",\"url\":\"https:\/\/vidripack.com\/es\/wp-content\/uploads\/2017\/05\/Tarrina-caracoles-1L.jpg\",\"contentUrl\":\"https:\/\/vidripack.com\/es\/wp-content\/uploads\/2017\/05\/Tarrina-caracoles-1L.jpg\",\"width\":500,\"height\":500,\"caption\":\"Tarrina caracoles 1 L\"},{\"@type\":\"BreadcrumbList\",\"@id\":\"https:\/\/vidripack.com\/es\/envases-plastico\/tarrina-caracoles-1\/#breadcrumb\",\"itemListElement\":[{\"@type\":\"ListItem\",\"position\":1,\"name\":\"Portada\",\"item\":\"https:\/\/vidripack.com\/es\/\"},{\"@type\":\"ListItem\",\"position\":2,\"name\":\"Cat\u00e1logo de productos\",\"item\":\"https:\/\/vidripack.com\/es\/catalogo-de-productos\/\"},{\"@type\":\"ListItem\",\"position\":3,\"name\":\"Tarrina para caracoles 1L\"}]},{\"@type\":\"WebSite\",\"@id\":\"https:\/\/vidripack.com\/es\/#website\",\"url\":\"https:\/\/vidripack.com\/es\/\",\"name\":\"Vidripack\",\"description\":\"Distribuci\u00f3n de envases y PET\",\"potentialAction\":[{\"@type\":\"SearchAction\",\"target\":{\"@type\":\"EntryPoint\",\"urlTemplate\":\"https:\/\/vidripack.com\/es\/?s={search_term_string}\"},\"query-input\":{\"@type\":\"PropertyValueSpecification\",\"valueRequired\":true,\"valueName\":\"search_term_string\"}}],\"inLanguage\":\"es\"}]}<\/script>\n<!-- \/ Yoast SEO plugin. -->","yoast_head_json":{"title":"Tarrina para caracoles \u21e8 C\u00f3mpralas en \u3010VIDRIPACK\u3011","description":"\u00bfEst\u00e1s buscando tarrinas para caracoles? En Vidripack te ofrecemos estas tarrinas de caracoles perfectas con cierre herm\u00e9tico y aptas para microondas.","robots":{"index":"index","follow":"follow","max-snippet":"max-snippet:-1","max-image-preview":"max-image-preview:large","max-video-preview":"max-video-preview:-1"},"canonical":"https:\/\/vidripack.com\/es\/envases-plastico\/tarrina-caracoles-1\/","og_locale":"es_ES","og_type":"article","og_title":"Tarrina para caracoles \u21e8 C\u00f3mpralas en \u3010VIDRIPACK\u3011","og_description":"\u00bfEst\u00e1s buscando tarrinas para caracoles? En Vidripack te ofrecemos estas tarrinas de caracoles perfectas con cierre herm\u00e9tico y aptas para microondas.","og_url":"https:\/\/vidripack.com\/es\/envases-plastico\/tarrina-caracoles-1\/","og_site_name":"Vidripack","article_publisher":"https:\/\/www.facebook.com\/Vidripack","article_modified_time":"2020-06-01T10:11:53+00:00","og_image":[{"width":500,"height":500,"url":"https:\/\/vidripack.com\/es\/wp-content\/uploads\/2017\/05\/Tarrina-caracoles-1L.jpg","type":"image\/jpeg"}],"twitter_card":"summary_large_image","schema":{"@context":"https:\/\/schema.org","@graph":[{"@type":"WebPage","@id":"https:\/\/vidripack.com\/es\/envases-plastico\/tarrina-caracoles-1\/","url":"https:\/\/vidripack.com\/es\/envases-plastico\/tarrina-caracoles-1\/","name":"Tarrina para caracoles \u21e8 C\u00f3mpralas en \u3010VIDRIPACK\u3011","isPartOf":{"@id":"https:\/\/vidripack.com\/es\/#website"},"primaryImageOfPage":{"@id":"https:\/\/vidripack.com\/es\/envases-plastico\/tarrina-caracoles-1\/#primaryimage"},"image":{"@id":"https:\/\/vidripack.com\/es\/envases-plastico\/tarrina-caracoles-1\/#primaryimage"},"thumbnailUrl":"https:\/\/vidripack.com\/es\/wp-content\/uploads\/2017\/05\/Tarrina-caracoles-1L.jpg","datePublished":"2017-05-03T10:09:13+00:00","dateModified":"2020-06-01T10:11:53+00:00","description":"\u00bfEst\u00e1s buscando tarrinas para caracoles? En Vidripack te ofrecemos estas tarrinas de caracoles perfectas con cierre herm\u00e9tico y aptas para microondas.","breadcrumb":{"@id":"https:\/\/vidripack.com\/es\/envases-plastico\/tarrina-caracoles-1\/#breadcrumb"},"inLanguage":"es","potentialAction":[{"@type":"ReadAction","target":["https:\/\/vidripack.com\/es\/envases-plastico\/tarrina-caracoles-1\/"]}]},{"@type":"ImageObject","inLanguage":"es","@id":"https:\/\/vidripack.com\/es\/envases-plastico\/tarrina-caracoles-1\/#primaryimage","url":"https:\/\/vidripack.com\/es\/wp-content\/uploads\/2017\/05\/Tarrina-caracoles-1L.jpg","contentUrl":"https:\/\/vidripack.com\/es\/wp-content\/uploads\/2017\/05\/Tarrina-caracoles-1L.jpg","width":500,"height":500,"caption":"Tarrina caracoles 1 L"},{"@type":"BreadcrumbList","@id":"https:\/\/vidripack.com\/es\/envases-plastico\/tarrina-caracoles-1\/#breadcrumb","itemListElement":[{"@type":"ListItem","position":1,"name":"Portada","item":"https:\/\/vidripack.com\/es\/"},{"@type":"ListItem","position":2,"name":"Cat\u00e1logo de productos","item":"https:\/\/vidripack.com\/es\/catalogo-de-productos\/"},{"@type":"ListItem","position":3,"name":"Tarrina para caracoles 1L"}]},{"@type":"WebSite","@id":"https:\/\/vidripack.com\/es\/#website","url":"https:\/\/vidripack.com\/es\/","name":"Vidripack","description":"Distribuci\u00f3n de envases y PET","potentialAction":[{"@type":"SearchAction","target":{"@type":"EntryPoint","urlTemplate":"https:\/\/vidripack.com\/es\/?s={search_term_string}"},"query-input":{"@type":"PropertyValueSpecification","valueRequired":true,"valueName":"search_term_string"}}],"inLanguage":"es"}]}},"_links":{"self":[{"href":"https:\/\/vidripack.com\/es\/wp-json\/wp\/v2\/product\/2116","targetHints":{"allow":["GET"]}}],"collection":[{"href":"https:\/\/vidripack.com\/es\/wp-json\/wp\/v2\/product"}],"about":[{"href":"https:\/\/vidripack.com\/es\/wp-json\/wp\/v2\/types\/product"}],"wp:featuredmedia":[{"embeddable":true,"href":"https:\/\/vidripack.com\/es\/wp-json\/wp\/v2\/media\/2117"}],"wp:attachment":[{"href":"https:\/\/vidripack.com\/es\/wp-json\/wp\/v2\/media?parent=2116"}],"wp:term":[{"taxonomy":"product_brand","embeddable":true,"href":"https:\/\/vidripack.com\/es\/wp-json\/wp\/v2\/product_brand?post=2116"},{"taxonomy":"product_cat","embeddable":true,"href":"https:\/\/vidripack.com\/es\/wp-json\/wp\/v2\/product_cat?post=2116"},{"taxonomy":"product_tag","embeddable":true,"href":"https:\/\/vidripack.com\/es\/wp-json\/wp\/v2\/product_tag?post=2116"}],"curies":[{"name":"wp","href":"https:\/\/api.w.org\/{rel}","templated":true}]}}

<p>Capacidad: 1.000 ml</p>
<p>Formato: Redonda</p>
<p>Color: Transparente</p>
<p>Tapa: de comida rápida</p>
<p>Asa: No</p>
<p>Material: Polipropileno copolimero de uso alimentario</p>
<p>Datos de uso: Temperatura mínima: &#8211; 40o C / Temperatura máxima: 110o C</p>
<p>Sectores de uso: Cárnicos, lácteos, cremas, patés, encurtidos, frutos secos, legumbres&#8230;</p>
<p>Aplicaciones: Envases para productos frescos, cocidos, congelados y aptos para microondas</p>

<p><strong>INTRODUCCIÓN</strong></p>
<p>Tarrinas y cubos fabricados para el envasado de distintos productos de alimentación, en una gran diversidad de formatos que permiten ajustar su capacidad y características al contenido al que están destinados.</p>
<p>Esta tarrina es usada frecuentemente como <strong>tarrina para caracoles</strong>. Una forma perfecta de entregar tus pedidos de caracoles o de envasarlos para su conservación.</p>
<p>&nbsp;</p>
<p>Capacidad: 1.000 ml<br />
Formato: Redonda<br />
Tapa: de comida rápida</p>

<!-- This site is optimized with the Yoast SEO plugin v27.2 - https://yoast.com/product/yoast-seo-wordpress/ -->
<title>Tarrina para caracoles ⇨ Cómpralas en 【VIDRIPACK】</title>
<meta name="description" content="¿Estás buscando tarrinas para caracoles? En Vidripack te ofrecemos estas tarrinas de caracoles perfectas con cierre hermético y aptas para microondas." />
<meta name="robots" content="index, follow, max-snippet:-1, max-image-preview:large, max-video-preview:-1" />
<link rel="canonical" href="https://vidripack.com/es/envases-plastico/tarrina-caracoles-1/" />
<meta property="og:locale" content="es_ES" />
<meta property="og:type" content="article" />
<meta property="og:title" content="Tarrina para caracoles ⇨ Cómpralas en 【VIDRIPACK】" />
<meta property="og:description" content="¿Estás buscando tarrinas para caracoles? En Vidripack te ofrecemos estas tarrinas de caracoles perfectas con cierre hermético y aptas para microondas." />
<meta property="og:url" content="https://vidripack.com/es/envases-plastico/tarrina-caracoles-1/" />
<meta property="og:site_name" content="Vidripack" />
<meta property="article:publisher" content="https://www.facebook.com/Vidripack" />
<meta property="article:modified_time" content="2020-06-01T10:11:53+00:00" />
<meta property="og:image" content="https://vidripack.com/es/wp-content/uploads/2017/05/Tarrina-caracoles-1L.jpg" />
	<meta property="og:image:width" content="500" />
	<meta property="og:image:height" content="500" />
	<meta property="og:image:type" content="image/jpeg" />
<meta name="twitter:card" content="summary_large_image" />
<script type="application/ld+json" class="yoast-schema-graph">{"@context":"https://schema.org","@graph":[{"@type":"WebPage","@id":"https://vidripack.com/es/envases-plastico/tarrina-caracoles-1/","url":"https://vidripack.com/es/envases-plastico/tarrina-caracoles-1/","name":"Tarrina para caracoles ⇨ Cómpralas en 【VIDRIPACK】","isPartOf":{"@id":"https://vidripack.com/es/#website"},"primaryImageOfPage":{"@id":"https://vidripack.com/es/envases-plastico/tarrina-caracoles-1/#primaryimage"},"image":{"@id":"https://vidripack.com/es/envases-plastico/tarrina-caracoles-1/#primaryimage"},"thumbnailUrl":"https://vidripack.com/es/wp-content/uploads/2017/05/Tarrina-caracoles-1L.jpg","datePublished":"2017-05-03T10:09:13+00:00","dateModified":"2020-06-01T10:11:53+00:00","description":"¿Estás buscando tarrinas para caracoles? En Vidripack te ofrecemos estas tarrinas de caracoles perfectas con cierre hermético y aptas para microondas.","breadcrumb":{"@id":"https://vidripack.com/es/envases-plastico/tarrina-caracoles-1/#breadcrumb"},"inLanguage":"es","potentialAction":[{"@type":"ReadAction","target":["https://vidripack.com/es/envases-plastico/tarrina-caracoles-1/"]}]},{"@type":"ImageObject","inLanguage":"es","@id":"https://vidripack.com/es/envases-plastico/tarrina-caracoles-1/#primaryimage","url":"https://vidripack.com/es/wp-content/uploads/2017/05/Tarrina-caracoles-1L.jpg","contentUrl":"https://vidripack.com/es/wp-content/uploads/2017/05/Tarrina-caracoles-1L.jpg","width":500,"height":500,"caption":"Tarrina caracoles 1 L"},{"@type":"BreadcrumbList","@id":"https://vidripack.com/es/envases-plastico/tarrina-caracoles-1/#breadcrumb","itemListElement":[{"@type":"ListItem","position":1,"name":"Portada","item":"https://vidripack.com/es/"},{"@type":"ListItem","position":2,"name":"Catálogo de productos","item":"https://vidripack.com/es/catalogo-de-productos/"},{"@type":"ListItem","position":3,"name":"Tarrina para caracoles 1L"}]},{"@type":"WebSite","@id":"https://vidripack.com/es/#website","url":"https://vidripack.com/es/","name":"Vidripack","description":"Distribución de envases y PET","potentialAction":[{"@type":"SearchAction","target":{"@type":"EntryPoint","urlTemplate":"https://vidripack.com/es/?s={search_term_string}"},"query-input":{"@type":"PropertyValueSpecification","valueRequired":true,"valueName":"search_term_string"}}],"inLanguage":"es"}]}</script>
<!-- / Yoast SEO plugin. -->

Tarrina para caracoles ⇨ Cómpralas en 【VIDRIPACK】

¿Estás buscando tarrinas para caracoles? En Vidripack te ofrecemos estas tarrinas de caracoles perfectas con cierre hermético y aptas para microondas.

Catálogo de productos

Distribución de envases y PET
